 0*v + v. Determine z(-1).
3
Let h(d) = -8*d - 7. Let s(n) be the third derivative of 0*n - 1/24*n**4 - 1/6*n**3 + 0 - 7*n**2. Let p(u) = -2*h(u) + 14*s(u). Give p(-4).
-8
Let a(k) = 2*k**2 + k - 1. Let c be a(1). Let i(t) = 2*t**2 - 4*t**2 + 3*t**c - 5*t. Suppose 3*n - 5*y - 1 = 3, y + 2 = n. Give i(n).
-6
Let u(b) be the third derivative of 0*b - 1/60*b**5 + 1/3*b**3 + 0 - 31*b**2 + 1/60*b**6 + 0*b**4. What is u(2)?
14
Let l(r) = 49*r**3 - 5*r**2 + 7*r + 1. Let s(m) = 104*m**3 - 11*m**2 + 15*m + 2. Let p(k) = -13*l(k) + 6*s(k). Let i(t) = t. Let h be i(-1). Determine p(h).
12
Let s(h) be the third derivative of h**7/630 - h**6/360 - h**5/30 - 2*h**3/3 + 30*h**2. Let l(y) be the third derivative of s(y). Determine l(1).
6
Let y(a) = -a**3 - 3*a**2 + 14*a + 28. Suppose 40 = -30*s + 22*s. Give y(s).
8
Suppose -2371 + 370 = -69*t. Let u(l) = -t*l + 25*l + 6*l - 8. Calculate u(7).
6
Suppose 0 = 2*s - 4*s. Let n(j) = -31*j + 343*j**2 + 22*j - 173*j**2 - j**3 + 8*j + 0*j**3 - 172*j**2 - 3. Calculate n(s).
-3
Let d = 46 + -41. Let a be (-2)/(-2) - (-12 + 4 + d). Suppose -f - 6 = 3*p - 4, 2*f = -3*p - a. Let x(k) = -k**2 - 3. Determine x(p).
-3
Let b(l) be the first derivative of 2*l**3/3 + 3*l**2/2 + 2*l + 32. Let h be b(-2). Let q(f) = f**2 - 7*f - 2. Determine q(h).
-14
Let g(s) = 4*s - 22. Let c = 14795 + -14800. What is g(c)?
-42
Let n(o) = -8*o**2 + 4*o + 15. Let s(w) = -4*w**2 + 2*w + 7. Let g(i) = -6*n(i) + 13*s(i). Let b(c) = 1348*c + 1347. Let d be b(-1). Give g(d).
-5
Let x be ((-4)/(-14))/(66/231). Suppose 0 = -3*l + 9 - 3. Let v(g) = g**3 - 2*g + l*g - 2*g + 2*g**2 + 1 - 21*g**3. What is v(x)?
-19
Suppose -3*i + 2*i - g = -4789, 3*g + 14367 = 3*i. Let f(c) = 2396 - i + 2393 - 7*c. Determine f(2).
-14
Let q = 90 + -88. Suppose -y - 7 = q*g, 3*y + 17 = 2. Let h(p) = p**3 - p**2 - p. Calculate h(g).
-1
Let j = 43 + -29. Let x be 24/84 + (-4)/j. Let u(c) = 7 - 237*c**2 + 475*c**2 + c - 237*c**2. Calculate u(x).
7
Let t(p) = p**2 + 4*p - 21. Suppose 13374*c = 13396*c. What is t(c)?
-21
Let m(k) = 292 + 298 + 300 - 1178 + k + 297. Let c be (17 - 0)*7/(-7). Determine m(c).
-8
Let i(m) = -m**2 + 19*m - 9. Suppose -46 = -y + x - 27, 4*x - 77 = -5*y. What is i(y)?
25
Let k(a) be the second derivative of -a**4/6 + a**3/2 - a**2 + 29*a. Let n be k(-3). Let c = -33 - n. Let t(l) = l**3 + 5*l**2 + 3*l - 5. What is t(c)?
-1
Let t(i) = i**3 + 17*i**2 + 6*i + 2. Let z(n) = -n**3 - 15*n**2 - 5*n - 2. Let j(u) = 5*t(u) + 6*z(u). What is j(-4)?
-18
Let s(m) = -m - 10. Let b = 490 - 500. Let x = -42 - -60. Let k be b/(-45) + (-4)/x. What is s(k)?
-10
Let p(b) = 7*b - 21. Let i(c) = -3*c + 10. Let n(k) = 5*i(k) + 2*p(k). Let t = -490 + 499. Determine n(t).
-1
Let h(s) be the second derivative of s**5/120 - s**4/6 + 19*s**3/6 + 2*s + 4. Let d(b) be the second derivative of h(b). What is d(7)?
3
Let s(p) = -10*p**3 + 3*p**2 - p - 2. Let c(h) = 8*h**2 + 167*h + 141. Let g be c(-20). What is s(g)?
-10
Let d(b) be the first derivative of b**4/4 + 10*b**3/3 + 4*b**2 - 11*b - 10076. Let w be 1/4*-2*18. Determine d(w).
-2
Let u(b) = -2*b - 5. Let c be 2/(-9) + 76/18. Let j = 158 + -128. Suppose j = -c*d - d. Determine u(d).
7
Let x(w) = w**3 - 7*w**2 - 16*w + 8. Let k be 9/(-2 + 3) - (7 + -5 + -2). Calculate x(k).
26
Let k(j) be the third derivative of -1/120*j**6 + 1/24*j**4 + 0*j**5 + 0 - 171*j**2 + 0*j + 13/3*j**3. Give k(0).
26
Let u = -1514 + 1516. Let w(a) = 10*a - 6. Give w(u).
14
Let l(i) = -23 - 349*i + 96 + 35 + 372*i. Give l(-6).
-30
Let u(i) be the second derivative of -i**3/3 - 13*i**2 + 1160*i. What is u(-14)?
2
Let m(f) = -f**3 - 6*f**2 - 7*f. Let u(p) = p - 12. Let a be u(8). Let c be m(a). Let k(d) = -d**2 + 1 + 0*d + 0*d**2 - 6*d + d. Determine k(c).
5
Let k(t) = -t - 6. Suppose -11*q = q - 8580. Let d = -710 + q. Calculate k(d).
-11
Let n(j) = -j**2 - 21*j - 27. Suppose -5*f - 11 = -2*o, 218 - 206 = -o - f. What is n(o)?
71
Suppose -1739*p + 1738*p = -4*r - 24, 3*r = p - 20. Let n(c) be the second derivative of 1/6*c**3 - c**2 - 3*c + 0 - 1/12*c**4. Determine n(r).
-22
Let n(t) = 2*t**2 + 4*t + 1. Let q be 46/14 - (-6 + 44/7). Let o be (5/q)/(55/33)*-3. Give n(o).
7
Let r(v) = -v - 2. Let z be 2/(-3)*-6 - (-5 + 2). Suppose 2*y = -8 + 28. Let a = y - z. Give r(a).
-5
Suppose -2*q + 2 = -m, -14*m + 15*m + q - 10 = 0. Let k(h) = -56 + 14 - m*h + 9 + 15 + 14. Determine k(-2).
8
Let d(p) = p**3 - 5*p**2 - 2*p + 12. Let k be d(5). Let h(l) be the first derivative of l**3 - 3*l**2/2 + 3. Calculate h(k).
6
Let u(o) be the second derivative of o**5/20 - 17*o**4/12 + 7*o**3/3 + 25*o**2 - 51*o + 3. What is u(16)?
18
Let o = 76 - 70. Let m(v) = 1 - 1 + 8*v + 3 - o*v. Suppose -3*u - 3 = 3*n, 5*n - 7 = 3*u + 12. What is m(u)?
-3
Suppose 0*q = 4*x - 3*q - 30, 0 = 5*x - 3*q - 36. Let z(s) = 6*s**2 + 3*s**2 + 0*s**2 + 10*s - 2*s**2 + 9 - x*s**2. Give z(-6).
-15
Let z(m) = -12*m**2 - 4*m**3 + m + 3*m**3 - 74 + 3*m + 30 + 85. Calculate z(-12).
-7
Let l(j) = -221*j + 15. Let t(b) = -125*b + 8. Let p(m) = 4*l(m) - 7*t(m). Give p(3).
-23
Let r(n) = n**3 + 12*n**2 + 11*n + 1. Let f(y) = -y**2 + 5*y**2 + 4 - 7 + 0 + 33*y. Let l be f(-8). Calculate r(l).
1
Suppose -4*b = 25 - 37. Suppose -15 = b*c - 51. Suppose -3*f - f + 3*n + c = 0, -n - 4 = 3*f. Let p(j) = -j**3 + j**2 - j + 13. Calculate p(f).
13
Let h(o) be the third derivative of o**6/120 + o**5/12 - o**4/24 + o**3/3 - 14*o**2 + 156. Suppose -4*s = 3*c + 15, s - 2 = 4*c + 18. Give h(c).
7
Let x(u) be the third derivative of u**2 + 0*u + 1/6*u**3 + 1/24*u**4 + 22. Calculate x(3).
4
Let t(v) = -9*v - 210. Let s be t(-24). Let g(n) be the third derivative of 0 + 5/24*n**4 - 1/60*n**5 - 3*n**2 - 5/6*n**3 + 0*n. What is g(s)?
-11
Let j = -16781 + 16782. Let r(x) = -4*x**2 - 8*x + 11. Calculate r(j).
-1
Let x(h) be the second derivative of -h**5/4 + h**4/12 - 7*h**3/6 - 7*h**2/2 + 1987*h. Calculate x(-1).
6
Let s(o) = -o**2 - 9*o - 9. Let p = 85 - 127. Let a = -42 - p. Suppose -3*n - 3*k - 6 + 3 = 0, -2*k + 10 = a. Determine s(n).
9
Let t(p) = -p + 6. Let g(l) = 7*l**2 + l - 12. Let m be g(-6). Let y = m - 93. Let o be (-3)/((-81)/y) - 4/18. Calculate t(o).
1
Let p(t) = -t**2 + 3*t + 4. Let m(x) = -x - 1. Let h(d) = -5*m(d) - p(d). Let r be (0 + (-2)/4*2)*-75. Let y be ((-120)/r)/((-2)/(-5)). What is h(y)?
9
Let d(q) = -q**2 + 4*q - 3. Let r(a) = -5*a**2 + 5*a + 11. Let m(o) = -4*d(o) + r(o). Determine m(-12).
11
Let c(f) be the first derivative of -37*f**4/4 - f**3 + f**2/2 - 12*f + 46. Let m(s) = s**2 + 3. Let u(b) = -c(b) - 4*m(b). Calculate u(-1).
-37
Let s(k) be the second derivative of -k**5/20 - k**4/4 + 5*k**3/6 - 2*k**2 + 46*k. Calculate s(-5).
21
Let c(d) = d**3 + 9*d**2 - 8*d + 6. Let k(f) = 33*f - 538. Let s be k(16). What is c(s)?
-14
Let j(g) be the second derivative of -g**7/2520 + g**6/144 - g**5/40 + 26*g**4/3 - 2*g + 1. Let z(n) be the third derivative of j(n). Calculate z(6).
-9
Let n(l) = l**3 - 5*l**2 - 5*l + 1. Suppose -5*x - 2*m + 31 = 0, -x - 2*m = -549 + 546. Give n(x).
64
Let d(o) = -o**2 + 4*o + 11. Suppose 1819*g = 1827*g - 40. What is d(g)?
6
Suppose 91*x - 90*x - 2*v - 3 = 0, x = -v. Let c(p) = 8*p**2 - p. Calculate c(x).
7
Let o(g) = g + 6*g**2 - 6*g + 4 - 6*g. Let y(t) = 5*t**2 - 10*t + 3. Let n(x) = 6*o(x) - 7*y(x). Determine n(-5).
8
Let g(q) = -2*q**3 + q**2 - q - 1. Let w be 15/(30/(-6))*(-2)/(-2). Let k be w + 2 - (-1 - (-2 + 1)). Let v be g(k). Let x(t) = t + 2. Calculate x(v).
5
Let d(c) = 2*c - 1. Let m(h) = -6*h + 42. Let k be 45/(-3)*(-4 + 22/5). Let z(j) = k*d(j) - m(j). What is z(-7)?
6
Let v(d) = -d**2 - 6*d - 2. Let a be 8/4 + 408/6. Suppose o - 6*o = -a. Let u(h) = -5*h + 66. Let w be u(o). What is v(w)?
6
Let z(y) = -y**2 - 5*y - 2. Let u be 2*5/(-10) + 17. Suppose 3*t = -2*j + 24, 2*j + t + 0*t - u = 0. Suppose f - j*f = 20. Determine z(f).
2
Suppose 6*a - a - 10 = 0. Let c = -2 + a. Let t(i) = 61 + 43 - 188 + 46 + 39 - i. Calculate t(c).
1
Let p(l) = -9*l + 12*l + l**2 - 4*l + 0*l**2 - 62. Let r be p(-7). Let w(y) = 2*y + 9. Give w(r).
-3
Let t(x) be the third derivative of 13*x**4/24 + x**3/2 - 2989*x**2 - x. Calculate t(-5).
-62
Let m(p) be the third derivative of -p**5/60 + p**4/8 + 5*p**3/6 - p**2. Let k = 158 - 341. Let g = -179 - k. Determine m(g).
1
Let i(q) = 5